v - 4*x + 32 = 0. Suppose -37 = -5*q + v. What is the highest common divisor of q and 9?
9
Let s = -688 - -690. Calculate the greatest common divisor of s and 18.
2
Let u = 26 - 26. Suppose -2*h + q + 10 = u, -3*q - 2 = -5*h + 22. What is the highest common divisor of 4 and h?
2
Suppose -11*o - 35250 = -26*o. Calculate the greatest common divisor of o and 94.
94
Suppose 2*a - 2*c = 30, 4*a = 3*c - 4*c + 50. Calculate the greatest common factor of a and 533.
13
Suppose 3720 + 3060 = -12*x. Let h = -289 - x. What is the highest common factor of 12 and h?
12
Suppose 0 = 14*q - 13*q + 2*y + 6, 4*q + 5*y + 9 = 0. What is the highest common divisor of q and 4?
4
Suppose 0 = -8*i + 9*i - 5. Suppose -i*g - 83 + 458 = 5*h, h - 72 = -4*g. Let x be (19/(-3))/((-2)/6). What is the highest common factor of h and x?
19
Let p = 61 - 57. Suppose -5*u = -p*u - 3. Suppose 5*f - 18 = -3*i, 4*i + 4*f = -0*f + 16. What is the highest common factor of u and i?
1
Suppose 4*y - 99 - 53 = 4*d, 2*d + 106 = -4*y. Let z = d + 83. Calculate the highest common divisor of z and 40.
40
Suppose 5*g = 2*n - 40, -34*g = -7*n - 39*g + 95. Let d = 74 + -29. Calculate the greatest common factor of n and d.
15
Suppose -45 = -3*y + 4*u - 14, -24 = -3*y - 3*u. Let n be (-395)/(-4) - (-2)/8. What is the greatest common factor of y and n?
9
Let z be 22526/35 + (-34)/(-85). What is the greatest common divisor of 115 and z?
23
Let u = 48 + -18. Let p(t) = -24*t**3 + 3*t + 3. Let d be p(-2). Let v = d + -99. What is the greatest common factor of u and v?
30
Let g(f) = 52*f**2 + 14*f + 9. Let v be g(-1). Calculate the greatest common divisor of 611 and v.
47
Suppose u - 5*r + 7*r = 19, 18 = u + 3*r. What is the greatest common divisor of u and 147?
21
Let f = -37 + 46. Let n be (-21)/f*(-1 + -2). What is the greatest common divisor of 7 and n?
7
Let y(u) = -u**2 + 16*u - 30. Let l be y(13). What is the greatest common divisor of l and 9?
9
Let k = -55 - -15. Let h = 60 + k. Calculate the highest common factor of h and 5.
5
Suppose 16*v - 29*v + 5850 = 0. Calculate the greatest common factor of v and 18.
18
Suppose -r - 4 - 328 = -5*x, 0 = -2*x + 5*r + 119. Calculate the highest common divisor of 1005 and x.
67
Suppose -3*a - 51 = x - 6*x, 4*x + 56 = -2*a. Let l = 2 + a. Let p = l + 37. Calculate the greatest common factor of 17 and p.
17
Let q(l) = l**2 - 9*l + 11. Let d be q(5). Let k = d + 12. Calculate the highest common divisor of 1 and k.
1
Suppose 5*c - 35 = -5*v + 40, -5*c = -4*v + 42. What is the greatest common divisor of 39 and v?
13
Let p = 8 + 56. Suppose 0 = 3*m + 2*m + 5*n - 95, -p = -3*m + 4*n. Suppose -5*b - m + 80 = 0. Calculate the highest common factor of b and 6.
6
Let p(v) = -v + 11. Let s be p(7). Let t be 14/((-20)/6 + s). What is the highest common factor of t and 210?
21
Suppose 3*c = -38*c + 738. Let p be -1*3*4/(-6). What is the greatest common factor of c and p?
2
Let l = 27 + -24. What is the highest common divisor of 6 and l?
3
Suppose 0*j = -2*j - 5*q - 11, 3*j - 18 = 4*q. Suppose s - j*s = -60. Let n be (-212)/(-18) - (-8)/36. What is the highest common factor of s and n?
12
Suppose -2*k + 5*h + 3 = -0*k, -2*h - 14 = -4*k. Suppose 4 = k*z - 12. What is the greatest common divisor of 20 and z?
4
Let r(g) = -g**3 + 10*g**2 + 29*g - 10. Let i be r(12). Calculate the greatest common divisor of 40 and i.
10
Let f be 6/36 - (-335)/6. What is the highest common factor of 16 and f?
8
Suppose -5*c + 132 = -c. Suppose c = 4*m - 175. Suppose -10*n = -392 + 132. What is the highest common factor of m and n?
26
Let m(l) be the third derivative of -l**4/24 + l**3/2 - l**2. Let t be m(1). Calculate the greatest common factor of 2 and t.
2
Suppose -3*m + 565 = -5*k, 5*m = -2*k + 823 + 129. Calculate the greatest common divisor of 114 and m.
38
Let f be 13/(((-2)/8)/(976/(-64))). Calculate the highest common factor of 61 and f.
61
Let j(u) be the first derivative of -u**2 - 7*u + 1. Let w be j(-10). Suppose -w = -4*p + 115. What is the greatest common factor of p and 64?
32
Let h(w) = -w**3 + 2*w**2 + 1. Let p be h(-5). Let l = -167 + 118. Let i be (-2)/(-2 - -8) + l/(-3). Calculate the greatest common divisor of p and i.
16
Let b be (-2)/9 - -2*(-4264)/(-144). Calculate the highest common divisor of b and 472.
59
Let v = -22 - -26. Suppose 280 = 4*m + v*g, -6*m - 2*g = -2*m - 284. Let i be (64/(-24))/((-2)/m). What is the greatest common factor of 12 and i?
12
Suppose -27 - 9 = -y. Suppose 0 = 39*v - y*v - 33. What is the greatest common factor of v and 11?
11
Suppose -z = 3*z - 96. Let k(w) = -77*w + 2589. Let i be k(33). What is the highest common divisor of z and i?
24
Suppose 32*u = 492 + 276. Calculate the greatest common divisor of u and 1128.
24
Let q = 31 + -31. Suppose 4*k = -z + 237, -3*k + q*z = -z - 183. Calculate the highest common divisor of 12 and k.
12
Let b be ((-10)/(-1))/(-3 - -2). Let k = 24 + b. Suppose 108 = -12*a + k*a. Calculate the greatest common factor of a and 18.
18
Let k(v) = v**2 + 6*v - 31. Let j be k(-13). Suppose 4*x + 2*r - 42 = 0, 0 = 5*x + 4*r - 0*r - j. Calculate the highest common factor of x and 12.
4
Suppose -98*y + 42 = -95*y. Let i be (0 - -16) + -2 + 3. Suppose 3*b + 3*j = 30, j - 14 = -4*b + i. What is the highest common factor of b and y?
7
Let d be -808*6/(-12)*(6 - 5). Calculate the highest common factor of d and 8.
4
Suppose -2*o - 2*o - 5*m + 340 = 0, 82 = o + 2*m. Calculate the highest common factor of o and 63.
9
Suppose -i + 7 = -4*u, 4*i + 2*u + 8 = -0*u. Let q be (-656)/(-24) - i/(-3). Calculate the greatest common divisor of 9 and q.
9
Let v(k) = 10*k**3 - 6*k**2 - k - 9. Let d be v(3). Calculate the greatest common factor of 12 and d.
12
Suppose 0 = 2*w - 6, -w + 28 = 2*x + w. What is the highest common divisor of 44 and x?
11
Suppose 2*m + m + 4*b = 152, 5*m + 4*b = 264. What is the highest common divisor of 70 and m?
14
Let x be (-7552)/(-48) - -2 - (-6)/9. Let i = 0 + 3. Suppose 0 = o - i*o - 2*q + 130, o = -5*q + 69. Calculate the highest common factor of x and o.
32
Let f be -24*-75*(-2)/(-24). What is the greatest common divisor of f and 840?
30
Let p(o) = -o**2 - 7*o + 14. Let a be p(2). Let b be (16/(-12))/(4/360*a). What is the greatest common factor of b and 150?
30
Let i be 312/8*(-7)/(-3). Calculate the greatest common divisor of 1183 and i.
91
Let g be (-3)/(-4) + 4235/28. Suppose 4*d + 4*d - g = 0. What is the greatest common factor of d and 133?
19
Let w(y) = y**2 + 13*y + 38. Let f be w(-15). What is the greatest common divisor of f and 12?
4
Suppose 8*i = 10*i - 288. Suppose 0*m - i = -3*m. Calculate the highest common factor of m and 72.
24
Let f(p) = 38*p**3 - 2*p**2 + 2*p - 1. Let u be f(1). Suppose 18*i + 5*y = 15*i + 535, -i - 3*y + 173 = 0. What is the greatest common factor of u and i?
37
Suppose 0 = y + 3*b - 901, -4*b = 4*y - b - 3640. Calculate the greatest common divisor of 55 and y.
11
Let n(h) = -h**3 - 13*h**2 - 33*h - 20. Let q be n(-10). Calculate the greatest common factor of q and 16.
2
Let m = -55 - -58. Suppose m*k + 2*w - 136 = k, 0 = 2*k - w - 124. Calculate the highest common factor of 160 and k.
32
Let t(k) = -3*k**2 - 23*k - 9. Let u be t(-7). What is the highest common factor of u and 25?
5
Let x = -5 + 14. Suppose -p - 2*a = 3*p + 10, 0 = -5*p + 3*a + 4. Let v = 64 + p. What is the highest common divisor of x and v?
9
Suppose -4*l - 23 = -3*y - 116, 3*y = -5*l + 96. Calculate the highest common factor of l and 147.
21
Let s(i) = 9*i - 36. Let w be s(4). Suppose w = -5*a + 167 + 73. Calculate the highest common factor of a and 60.
12
Let j(t) = -14*t - 273. Let o be j(-45). What is the greatest common factor of o and 153?
51
Let r be (-497)/(-5) + (-4)/10. Let z = 805 - 796. What is the greatest common divisor of z and r?
9
Let c(u) = 4*u**2 + 11*u - 25. Let a be c(2). What is the greatest common divisor of a and 52?
13
Let n(q) = 3*q + 18. Let g be n(-5). Suppose 7*u - g*u - 5*b - 71 = 0, -2*b = -5*u + 76. What is the highest common factor of 112 and u?
14
Let p be 8/84 + (-4404)/(-63). Calculate the highest common factor of p and 70.
70
Suppose 69*l - 33 = 68*l. What is the greatest common factor of 407 and l?
11
Suppose 0 = -2*t + j + 20, 5*j + 5 + 5 = 0. Suppose -3*u